0 divide 2973804?
False
Does 36 divide 142215?
False
Is 10 a factor of 364940?
True
Is 3 a factor of 60149?
False
Is 3364094 a multiple of 3?
False
Is 184678 a multiple of 90?
False
Does 154 divide 3863860?
True
Is 5 a factor of 90625?
True
Is 82134 a multiple of 77?
False
Is 23552817 a multiple of 93?
False
Is 20 a factor of 208780?
True
Is 389 a factor of 7360658?
True
Is 31607 a multiple of 24?
False
Is 130 a factor of 77350?
True
Is 136367 a multiple of 26?
False
Does 23 divide 2058745?
False
Is 12 a factor of 1209036?
True
Does 13 divide 759751?
False
Is 747320 a multiple of 121?
False
Is 13 a factor of 638573?
True
Is 1395 a factor of 28785825?
True
Is 27 a factor of 102426?
False
Is 15 a factor of 6773633?
False
Is 30 a factor of 3960?
True
Is 102 a factor of 156672?
True
Is 2473580 a multiple of 622?
False
Does 234 divide 2056392?
True
Is 348725 a multiple of 439?
False
Is 67 a factor of 1202248?
True
Is 93344 a multiple of 38?
False
Is 42 a factor of 1482522?
False
Is 38 a factor of 27707?
False
Does 11 divide 128763?
False
Is 192424 a multiple of 261?
False
Is 1510263 a multiple of 44?
False
Is 113839 a multiple of 131?
True
Is 243774 a multiple of 347?
False
Is 771 a factor of 2712995?
False
Does 18 divide 399484?
False
Is 6 a factor of 405768?
True
Is 1036733 a multiple of 31?
True
Is 12 a factor of 9132?
True
Is 3 a factor of 1889?
False
Is 446004 a multiple of 22?
False
Is 52618 a multiple of 215?
False
Does 31 divide 54774?
False
Is 224920 a multiple of 35?
False
Does 577 divide 577?
True
Is 133 a factor of 3659761?
True
Is 568845 a multiple of 367?
False
Is 333 a factor of 23177?
False
Does 143 divide 293218?
False
Is 9 a factor of 28071?
True
Is 136947 a multiple of 239?
True
Does 575 divide 1290300?
True
Is 3246564 a multiple of 12?
True
Is 99156 a multiple of 89?
False
Is 574515 a multiple of 153?
True
Does 12 divide 707592?
True
Is 368296 a multiple of 154?
False
Is 221886 a multiple of 378?
True
Does 188 divide 342348?
True
Does 7 divide 12135?
False
Does 6 divide 642018?
True
Is 1389043 a multiple of 30?
False
Is 42 a factor of 1674648?
False
Is 14 a factor of 165536?
True
Is 4724572 a multiple of 289?
True
Is 454 a factor of 292376?
True
Is 12 a factor of 3015515?
False
Is 58 a factor of 9692380?
True
Is 4 a factor of 413840?
True
Is 7741220 a multiple of 17?
False
Is 297733 a multiple of 173?
True
Is 21 a factor of 48452?
False
Is 355012 a multiple of 13?
False
Does 117 divide 3042?
True
Is 48 a factor of 154462?
False
Is 9 a factor of 735590?
False
Does 267 divide 380475?
True
Does 51 divide 61353?
True
Does 38 divide 5035581?
False
Is 245696 a multiple of 32?
True
Does 252 divide 2860336?
False
Does 17 divide 14934?
False
Is 178 a factor of 166478?
False
Is 171 a factor of 765861?
False
Is 25 a factor of 95445?
False
Does 492 divide 55104?
True
Is 97 a factor of 3397795?
False
Is 83588 a multiple of 63?
False
Is 3730077 a multiple of 14?
False
Does 66 divide 1648958?
False
Does 515 divide 1751000?
True
Is 1043665 a multiple of 35?
True
Is 40 a factor of 138369?
False
Is 6 a factor of 36141?
False
Is 8 a factor of 93896?
True
Is 3769700 a multiple of 55?
True
Is 103 a factor of 402627?
True
Is 23190256 a multiple of 46?
True
Does 25 divide 1012900?
True
Does 32 divide 1032512?
True
Is 33974 a multiple of 164?
False
Does 5 divide 251550?
True
Does 454 divide 1213364?
False
Is 625911 a multiple of 33?
True
Does 2 divide 5840?
True
Is 31128 a multiple of 24?
True
Does 22 divide 673977?
False
Does 5 divide 1750280?
True
Is 8235067 a multiple of 84?
False
Is 33 a factor of 21150745?
False
Does 71 divide 866626?
True
Does 70 divide 5394970?
True
Is 34328668 a multiple of 242?
True
Is 140 a factor of 1020460?
True
Is 332 a factor of 1198188?
True
Is 7918632 a multiple of 76?
False
Is 262 a factor of 1084942?
True
Is 5 a factor of 79410?
True
Is 175 a factor of 2209725?
True
Is 626 a factor of 7215711?
False
Is 219152 a multiple of 515?
False
Is 23 a factor of 3789948?
False
Is 23467 a multiple of 67?
False
Is 13 a factor of 699273?
False
Is 46500 a multiple of 150?
True
Is 154760 a multiple of 8?
True
Is 16912019 a multiple of 31?
True
Is 12 a factor of 32364?
True
Is 928450 a multiple of 62?
True
Is 21 a factor of 1596966?
True
Is 1341017 a multiple of 175?
False
Is 237 a factor of 4413171?
False
Is 8 a factor of 1459320?
True
Does 453 divide 19170960?
True
Is 6333136 a multiple of 8?
True
Is 7 a factor of 5104232?
True
Does 17 divide 5284178?
True
Is 401 a factor of 486366?
False
Is 494156 a multiple of 221?
True
Is 2133280 a multiple of 32?
True
Does 6 divide 1014278?
False
Does 2 divide 1647555?
False
Does 354 divide 1124855?
False
Is 484 a factor of 2035220?
True
Is 283381 a multiple of 36?
False
Does 28 divide 85279?
False
Does 68 divide 2167840?
True
Is 741840 a multiple of 181?
False
Does 109 divide 215952?
False
Is 594197 even?
False
Is 9 a factor of 1984539?
False
Does 12 divide 1864309?
False
Does 8 divide 557933?
False
Is 31 a factor of 150092?
False
Is 69 a factor of 1019544?
True
Is 37 a factor of 50130?
False
Does 67 divide 6930547?
True
Is 1745291 a multiple of 14?
False
Is 313 a factor of 7133527?
False
Is 44172 a multiple of 108?
True
Is 1610 a factor of 23305842?
False
Is 43 a factor of 507271?
True
Is 70 a factor of 550916?
False
Does 25 divide 683475?
True
Does 25 divide 104410?
False
Does 15 divide 2122292?
False
Is 227673 a multiple of 41?
True
Does 12 divide 3558442?
False
Is 223 a factor of 303726?
True
Is 521685 a multiple of 5?
True
Is 154528 a multiple of 8?
True
Does 22 divide 20218?
True
Is 5 a factor of 529838?
False
Does 343 divide 2928113?
False
Does 73 divide 2694795?
True
Does 475 divide 1740320?
False
Is 142880 a multiple of 20?
True
Is 15 a factor of 92316?
False
Is 3026732 a multiple of 670?
False
Is 6804 a multiple of 324?
True
Is 164 a factor of 14853644?
True
Is 668 a factor of 1896175?
False
Is 713335 a multiple of 116?
False
Is 17 a factor of 196452?
True
Does 640 divide 1312640?
True
Is 3346020 a multiple of 15?
True
Is 233 a factor of 2406615?
False
Is 8 a factor of 170736?
True
Does 45 divide 74675?
False
Does 27 divide 1555527?
False
Is 13 a factor of 582066?
False
Does 23 divide 10299216?
True
Does 5 divide 676770?
True
Does 9 divide 1437201?
True
Is 38409 a multiple of 5?
False
Is 36972 a multiple of 5?
False
Does 27 divide 1815399?
True
Is 56 a factor of 480284?
False
Does 101 divide 343400?
True
Does 68 divide 2047548?
True
Is 75 a factor of 1332961?
False
Is 22 a factor of 145024?
True
Is 1055 a factor of 26943549?
False
Is 1459 a factor of 4275077?
False
Does 22 divide 6484369?
False
Is 1687497 a multiple of 321?
True
Is 864516 a multiple of 6?
True
Is 185 a factor of 1518648?
False
Is 1694218 a multiple of 54?
False
Is 7303389 a multiple of 25?
False
Does 33 divide 108106?
False
Is 6 a factor of 32523?
False
Is 3220119 a multiple of 553?
True
Is 16 a factor of 87624?
False
Is 10473678 a multiple of 15?
False
Is 615 a factor of 3711721?
False
Is 30122 a multiple of 146?
False
Does 5 divide 106098?
False
Is 11 a factor of 21527?
True
Is 1326751 a multiple of 97?
False
Is 7 a factor of 117915?
True
Does 25 divide 112812?
False
Is 295390 a multiple of 46?
False
Does 61 divide 218603?
False
Is 223104 a multiple of 56?
True
Is 3 a factor of 34183?
False
Is 25 a factor of 90625?
True
Does 19 divide 642052?
False
Is 287201 a multiple of 15?
False
Does 165 divide 13942?
False
Is 42 a factor of 78227?
False
Is 445527 a multiple of 87?
True
Does 156 divide 116904?
False
Is 118 a factor of 94164?
True
Is 90 a factor of 11477312?
False
Does 234 divide 19348290?
True
Is 2437119 a multiple of 109?
False
Is 6302648 a multiple of 136?
True
Is 26 a factor of 4864384?
False
Is 34 a factor of 124221?
False
Is 429039 a multiple of 117?
True
Is 343 a factor of 2342672?
False
Is 12 a factor of 735565?
False
Is 22 a factor of 3497049?
False
Is 13020 a multiple of 15?
True
Does 8 divide 31312?
True
Does 118 divide 863436?
False
Does 9 divide 159274?
False
Is 95 a factor of 25848?
False
Does 22 divide 21120?
True
Does 158 divide 8494554?
True
Is 375448 a multiple of 71?
True
Is 22 a factor of 587593?
False
Does 55 divide 78357?
False
Is 4 a factor of 6820?
True
Is 112 a factor of 1950816?
True